9*q - 6*q. What is the greatest common factor of 27 and u?
9
Let r = 415 + -193. What is the highest common divisor of 296 and r?
74
Suppose -a = 9*a - 2990. Calculate the greatest common divisor of a and 26.
13
Suppose -5*l = z + 5, 0 = -z - 3*z - 2*l + 34. Let a = 150 + -70. Calculate the highest common factor of z and a.
10
Let i be ((-80)/12)/((-12)/18). Suppose 6*t - 26 = i. What is the highest common divisor of t and 8?
2
Suppose 7 = 2*s - s. Let m = -746 - -760. Calculate the greatest common factor of s and m.
7
Suppose 402 = 16*h - 46. Let y(t) = -t + 5. Let u be y(0). Suppose -u*x = h - 203. What is the highest common factor of 7 and x?
7
Suppose x - 5*x = 3*h - 48, -4*h + 59 = 5*x. Let k = -434 - -509. What is the greatest common factor of x and k?
15
Let u(h) = -h**3 - 28*h**2 + 22*h - 198. Let i be u(-29). Calculate the highest common divisor of i and 580.
5
Suppose -6*x + 36 = -354. Suppose -29*r = -30*r + x. Let g be (1 + 12)/((-3)/(-6)). What is the greatest common factor of g and r?
13
Let m(c) = -c**2 - 15*c + 76. Let v be m(-17). Calculate the greatest common divisor of 966 and v.
42
Let y = -1847 - -1871. What is the greatest common divisor of 1224 and y?
24
Suppose 4*j = -12, 0*b - 4*j + 138 = 5*b. Calculate the highest common divisor of b and 48.
6
Suppose -5*y + 235 = 3*j, 2*j + 2*j - y - 298 = 0. Let q = -68 + j. Calculate the greatest common divisor of 70 and q.
7
Let m = -15 + 25. Suppose 0 = -7*d + 2*d + 60. Suppose -m*n + d*n - 24 = 0. Calculate the highest common factor of 30 and n.
6
Let z = 221 + 21. What is the highest common divisor of 22 and z?
22
Let i be (-2)/(-10) - (5 + (-1096)/20). Let z = 22 - 2. What is the highest common divisor of z and i?
10
Let i be (2/4)/(6/48). Let b be (-12)/(18/18 - 6/i). Calculate the highest common divisor of 264 and b.
24
Let b = 68 - 47. Suppose 4*g = -3*r + 17 + 231, 0 = 2*r + 4*g - 164. What is the greatest common factor of b and r?
21
Let k(q) = 73*q - 1. Let d be (-2)/(-4) - (-9)/6. Let g be k(d). What is the greatest common divisor of g and 29?
29
Let x(b) = b**3 - 9*b**2 + 10*b - 1. Let i be x(8). Let o be (i + -11)/(1/(-2)). Let l = o + 28. Calculate the greatest common divisor of l and 10.
10
Suppose 2*u = -5*x + 10, -5*x = u - 5*u - 40. Suppose 9*h - 28 = -a + 4*h, 95 = x*a + 3*h. Let y = -4 + a. What is the highest common divisor of y and 114?
19
Suppose 0 = z + 1, -6*z + z - 15 = -5*j. Suppose 5*g + 13 = f, 4*f - 4*g + 76 = 8*f. What is the highest common factor of j and f?
2
Let d be -24*1*1/(-2). Let r = d - 27. Let b be (-6)/r + 114/15. What is the highest common divisor of b and 16?
8
Let g be ((-704)/(-220))/((-1)/(-20)). Calculate the greatest common divisor of g and 272.
16
Let r(c) = -2*c**2 + 3*c**2 + c**2 + c**3 + 9*c - 4*c**2. Let s be r(9). Suppose -4*l = -8*l + s. What is the greatest common factor of l and 18?
18
Let b(t) be the first derivative of t**4/2 + 17*t**3/3 + 5*t + 1. Let w be b(-8). What is the greatest common divisor of w and 46?
23
Suppose -25*j - 6044 = -29*j. Suppose 8*b - 113 = j. Calculate the highest common divisor of b and 29.
29
Suppose -3*q + 347 = -n, q - 94 = 3*n - 7*n. What is the greatest common factor of q and 19?
19
Suppose -3*x + 193 = -8. Let j = x - 61. What is the highest common divisor of j and 3?
3
Let r = -4 - 17. Suppose -3*p - 27 = -3*l + 15, -3*p - 5*l = 42. Let f = p - r. What is the greatest common factor of f and 21?
7
Let j(u) = u**2 - 2. Let c be j(2). Suppose 3*g + 27 = 2*h + 64, c*g - 23 = h. Suppose 96 = 2*n + 24. What is the greatest common divisor of g and n?
9
Suppose 0 = 3*f - 5*t - 105, -21 = -f - 3*t - 0*t. Let g = f + 47. Let y = 93 - 82. Calculate the highest common factor of y and g.
11
Let q(b) = -b - 12 - 21 + 49. Let m be q(10). Let s(z) = 18*z - 6. Let o be s(4). What is the greatest common factor of m and o?
6
Let m(n) = -2*n**3 + 21*n**2 - 11*n + 18. Let c be m(10). Calculate the highest common divisor of c and 2.
2
Suppose 2*z - 6*a + 20 = -2*a, a = -2*z. Let w be (-30)/(-6) - (z - -3). Let t = w + 1. Calculate the highest common divisor of 25 and t.
5
Suppose 8*x = x - 42. Let l(f) = f**3 + 7*f**2 - 3*f - 5. Let n be l(x). What is the highest common factor of 7 and n?
7
Let h be -14*(-2)/4*34/1. Calculate the highest common factor of h and 98.
14
Suppose 5*i - 14 = -3*q + 52, 4*q = 2*i + 88. Let b = 28 + q. Suppose -23 = 2*x - 63. What is the greatest common factor of x and b?
10
Let f be ((-24)/18)/(2/(-9)). Suppose -u - f*d + 7 = -3*d, 0 = 5*u + d - 21. What is the highest common factor of u and 2?
2
Suppose -114*k = -28*k - 774. What is the highest common factor of k and 1773?
9
Let x = 148 - 142. Let s(g) = -g**3 + 10*g**2 - 8*g - 12. Let j be s(x). What is the greatest common factor of j and 112?
28
Let i(a) = -3*a - 13. Let h be i(-4). Let n be 27*(h + 2) - (-24 - -24). Calculate the greatest common factor of 27 and n.
27
Let v = 680 + -668. Suppose 4*o - 16 - 8 = 0. What is the greatest common divisor of v and o?
6
Suppose -158 = -25*y + 1092. Let u = 50 - 25. What is the highest common divisor of u and y?
25
Suppose 51 + 117 = 3*w. Suppose 4*f - 3 - 25 = 0. What is the highest common divisor of f and w?
7
Let i = 26 + -15. Suppose -2 = 4*w - 10. Let c be (w - i)/(1*-1). Calculate the highest common divisor of 36 and c.
9
Let q = -923 - -975. What is the highest common factor of 52 and q?
52
Suppose j + 4 = 2*j - 2*a, -j - 2*a = 0. Suppose 0 = 5*t - 15 - 5. Suppose o - 4*o = j*x - 49, t*x = 2*o - 54. Calculate the highest common divisor of o and 38.
19
Suppose r = a - 2*r - 24, -4 = r. Let i be a/30 - 2/(-10)*128. What is the greatest common factor of i and 13?
13
Let u(z) = 6 - 3*z + z - 2*z. Let k be u(12). Let t = -20 - k. What is the greatest common divisor of t and 33?
11
Let m be (0 + -4)*(-55 - -1). Suppose -w = 3*w - m. Let j = -274 + 280. What is the greatest common factor of w and j?
6
Let y = -1857 + 1957. Calculate the highest common factor of y and 15.
5
Let y be -2 + 62*(-4)/(-4). Suppose -45 = -7*i + y. What is the highest common factor of i and 3?
3
Let a(w) = -90*w - 1075. Let v be a(-12). Let i be (-2)/7 + 216/21. Suppose 0*q = -2*q + i. What is the highest common divisor of v and q?
5
Let m(c) = -c + 12. Let h be m(7). Suppose -1662 = -h*z - 227. Suppose 3*o + z = 5*q, -85 = 3*q + 3*o - 238. Calculate the highest common factor of 5 and q.
5
Let i be 1*50 + (-6)/3. Let d(a) be the third derivative of a**5/20 - a**4/12 - 50*a**2. Let p be d(-2). What is the highest common factor of p and i?
16
Let t = 203 - 148. What is the greatest common factor of t and 605?
55
Let c = 162 - 157. What is the greatest common factor of 3 and c?
1
Suppose 7*x = -5*b + 10*x + 670, b - 134 = 4*x. Calculate the greatest common divisor of 268 and b.
134
Let j be (-180)/(-7)*(-21)/(-2). Let z be (-8)/(-48)*-2*(-270)/3. Calculate the highest common factor of z and j.
30
Let n(f) = -4*f - 20. Let k be n(-5). Suppose -5*l - 1 + 46 = k. What is the greatest common divisor of l and 144?
9
Let h be (-12)/8*8/(-6). Suppose 5*w + 3*s - 173 = 130, 0 = 4*w - h*s - 238. What is the highest common factor of 12 and w?
12
Let h be (-855)/30*2/(-3). Let v = -332 - -467. Let t = v + 36. What is the greatest common divisor of h and t?
19
Suppose -12*p + 2900 = -7*p + 5*v, 0 = v + 3. Calculate the highest common factor of p and 22.
11
Suppose -m + 49 = 5*n, -5*n + 0*n + 1 = -m. Calculate the greatest common factor of m and 30.
6
Suppose -100 = -11*n + 7*n. Calculate the greatest common divisor of n and 4.
1
Let d be (-208)/(-56) - 4/(-14). Suppose d*o - 7 = 3*o. What is the greatest common factor of 56 and o?
7
Suppose 286 = -44*q + 70*q. Calculate the highest common factor of 297 and q.
11
Let s(o) = 0*o**2 + 0 - 3*o + 3 - o + 5*o**2. Let a be s(2). What is the highest common factor of 3 and a?
3
Suppose -2*t = o + 15, t - 2 = -o - 8. Let r = 13 - 6. Let x = r - t. What is the highest common factor of 176 and x?
16
Suppose 5*a + 3*c - 106 = 0, 5*c - 16 = -2*a + 34. Let p = -86 + 186. Calculate the greatest common divisor of p and a.
20
Let l(r) = 14*r**2 + 6*r - 18. Let g be l(2). Calculate the greatest common factor of 70 and g.
10
Let d(f) = f**3 - 3*f**2 - 5*f - 6. Let i be d(5). Let h be -14 + 0/(